{"id":509,"date":"2025-02-02T13:12:33","date_gmt":"2025-02-02T13:12:33","guid":{"rendered":"https:\/\/www.nimsistemas.es\/?page_id=509"},"modified":"2025-02-18T11:50:47","modified_gmt":"2025-02-18T11:50:47","slug":"laboratorio","status":"publish","type":"page","link":"https:\/\/www.nimsistemas.es\/?page_id=509","title":{"rendered":"LABORATORIO"},"content":{"rendered":"\n<div class=\"wp-block-uagb-container uagb-block-lmw1y8jv alignfull uagb-is-root-container\"><div class=\"uagb-container-inner-blocks-wrap\">\n<div class=\"wp-block-uagb-info-box uagb-block-nufvp8wt uagb-infobox__content-wrap  uagb-infobox-icon-above-title uagb-infobox-image-valign-top\"><div class=\"uagb-ifb-content\"><div class=\"uagb-ifb-title-wrap\"><h2 class=\"uagb-ifb-title\">LABORATORIO Y REPARACI\u00d3N<\/h2><\/div><p class=\"uagb-ifb-desc\">Dentro de nuestro servicio t\u00e9cnico, disponemos del laboratorio digital de reparaci\u00f3n para todo tipo de productos digitales : ordenadores, port\u00e1tiles, tablets, impresoras, m\u00f3viles&#8230;<\/p><\/div><\/div>\n\n\n\n<div class=\"wp-block-uagb-container uagb-block-s0bkmmy0\">\n<div class=\"wp-block-uagb-container uagb-block-f5xkwlfo\">\n<div class=\"wp-block-uagb-image alignleft uagb-block-kq5lsqss wp-block-uagb-image--layout-default wp-block-uagb-image--effect-static wp-block-uagb-image--align-left\"><figure class=\"wp-block-uagb-image__figure\"><img loading=\"lazy\" decoding=\"async\" srcset=\"https:\/\/www.nimsistemas.es\/wp-content\/uploads\/2025\/02\/Reparacion-ordenadores-1024x680.jpg ,https:\/\/www.nimsistemas.es\/wp-content\/uploads\/2025\/02\/Reparacion-ordenadores.jpg 780w, https:\/\/www.nimsistemas.es\/wp-content\/uploads\/2025\/02\/Reparacion-ordenadores.jpg 360w\" sizes=\"auto, (max-width: 480px) 150px\" src=\"https:\/\/www.nimsistemas.es\/wp-content\/uploads\/2025\/02\/Reparacion-ordenadores-1024x680.jpg\" alt=\"\" class=\"uag-image-707\" width=\"352\" height=\"260\" title=\"Reparacion ordenadores\" loading=\"lazy\" role=\"img\"\/><\/figure><\/div>\n\n\n\n<div class=\"wp-block-uagb-info-box uagb-block-ancc2yho uagb-infobox__content-wrap  uagb-infobox-icon-above-title uagb-infobox-image-valign-top\"><div class=\"uagb-ifb-content\"><div class=\"uagb-ifb-title-wrap\"><h3 class=\"uagb-ifb-title\">ordenadores y port\u00e1tiles<\/h3><\/div><p class=\"uagb-ifb-desc\">De cualquier modelo y marca e Imac. Eliminaci\u00f3n de virus, optimizaci\u00f3n de rendimiento, diagnostico de rendimiento<\/p><\/div><\/div>\n<\/div>\n\n\n\n<div class=\"wp-block-uagb-container uagb-block-dwesp0iq\">\n<div class=\"wp-block-uagb-image alignleft uagb-block-18vyttvv wp-block-uagb-image--layout-default wp-block-uagb-image--effect-static wp-block-uagb-image--align-left\"><figure class=\"wp-block-uagb-image__figure\"><img loading=\"lazy\" decoding=\"async\" srcset=\"https:\/\/www.nimsistemas.es\/wp-content\/uploads\/2025\/02\/reparacion-impresoras.jpg ,https:\/\/www.nimsistemas.es\/wp-content\/uploads\/2025\/02\/reparacion-impresoras.jpg 780w, https:\/\/www.nimsistemas.es\/wp-content\/uploads\/2025\/02\/reparacion-impresoras.jpg 360w\" sizes=\"auto, (max-width: 480px) 150px\" src=\"https:\/\/www.nimsistemas.es\/wp-content\/uploads\/2025\/02\/reparacion-impresoras.jpg\" alt=\"\" class=\"uag-image-709\" width=\"352\" height=\"260\" title=\"reparacion impresoras\" loading=\"lazy\" role=\"img\"\/><\/figure><\/div>\n\n\n\n<div class=\"wp-block-uagb-info-box uagb-block-dntnegbh uagb-infobox__content-wrap  uagb-infobox-icon-above-title uagb-infobox-image-valign-top\"><div class=\"uagb-ifb-content\"><div class=\"uagb-ifb-title-wrap\"><h3 class=\"uagb-ifb-title\">impresoras y escaner<\/h3><\/div><p class=\"uagb-ifb-desc\">Testeamos y presupuestamos la reparaci\u00f3n de cualquier tipo de fallo de impresoras y esc\u00e1neres.<\/p><\/div><\/div>\n<\/div>\n\n\n\n<div class=\"wp-block-uagb-container uagb-block-faummsow\">\n<div class=\"wp-block-uagb-image alignleft uagb-block-vj33qbtw wp-block-uagb-image--layout-default wp-block-uagb-image--effect-static wp-block-uagb-image--align-left\"><figure class=\"wp-block-uagb-image__figure\"><img loading=\"lazy\" decoding=\"async\" srcset=\"https:\/\/www.nimsistemas.es\/wp-content\/uploads\/2025\/02\/reparacion-moviles.jpg ,https:\/\/www.nimsistemas.es\/wp-content\/uploads\/2025\/02\/reparacion-moviles.jpg 780w, https:\/\/www.nimsistemas.es\/wp-content\/uploads\/2025\/02\/reparacion-moviles.jpg 360w\" sizes=\"auto, (max-width: 480px) 150px\" src=\"https:\/\/www.nimsistemas.es\/wp-content\/uploads\/2025\/02\/reparacion-moviles.jpg\" alt=\"\" class=\"uag-image-710\" width=\"352\" height=\"260\" title=\"reparacion moviles\" loading=\"lazy\" role=\"img\"\/><\/figure><\/div>\n\n\n\n<div class=\"wp-block-uagb-info-box uagb-block-qw6syidg uagb-infobox__content-wrap  uagb-infobox-icon-above-title uagb-infobox-image-valign-top\"><div class=\"uagb-ifb-content\"><div class=\"uagb-ifb-title-wrap\"><h3 class=\"uagb-ifb-title\">tablets y m\u00f3viles<\/h3><\/div><p class=\"uagb-ifb-desc\">Cambio de pantallas, baterias.. limpieza y recuperaci\u00f3n de cualquier tablet y dispositivo m\u00f3vil y iphone.<\/p><\/div><\/div>\n<\/div>\n<\/div>\n<\/div><\/div>\n\n\n\n<div class=\"wp-block-uagb-container uagb-block-mvmlo8kg alignfull uagb-is-root-container\"><div class=\"uagb-container-inner-blocks-wrap\">\n<div class=\"wp-block-uagb-container uagb-block-ax7mcmje\">\n<div class=\"wp-block-uagb-info-box uagb-block-ezyaos62 uagb-infobox__content-wrap  uagb-infobox-icon-above-title uagb-infobox-image-valign-top\"><div class=\"uagb-ifb-content\"><div class=\"uagb-ifb-icon-wrap\"><svg xmlns=\"https:\/\/www.w3.org\/2000\/svg\" viewBox=\"0 0 512 512\"><path d=\"M464 288h-416C21.5 288 0 309.5 0 336v96C0 458.5 21.5 480 48 480h416c26.5 0 48-21.5 48-48v-96C512 309.5 490.5 288 464 288zM320 416c-17.62 0-32-14.38-32-32s14.38-32 32-32s32 14.38 32 32S337.6 416 320 416zM416 416c-17.62 0-32-14.38-32-32s14.38-32 32-32s32 14.38 32 32S433.6 416 416 416zM464 32h-416C21.5 32 0 53.5 0 80v192.4C13.41 262.3 29.92 256 48 256h416c18.08 0 34.59 6.254 48 16.41V80C512 53.5 490.5 32 464 32z\"><\/path><\/svg><\/div><div class=\"uagb-ifb-title-wrap\"><h3 class=\"uagb-ifb-title\">RECUPERACI\u00d3N DE DATOS<\/h3><\/div><\/div><\/div>\n\n\n\n<div class=\"wp-block-uagb-info-box uagb-block-vexrwh2r uagb-infobox__content-wrap  uagb-infobox-icon-above-title uagb-infobox-image-valign-top\"><div class=\"uagb-ifb-content\"><div class=\"uagb-ifb-title-wrap\"><\/div><p class=\"uagb-ifb-desc\">Si has perdido informaci\u00f3n de alg\u00fan dispositivo, si ha sufrido da\u00f1os f\u00edsicos el dispositivo, actos malintencionados, errores humanos , no arranca o lo reconoce, podemos ayudarte.<\/p><\/div><\/div>\n<\/div>\n\n\n\n<div class=\"wp-block-uagb-image alignleft uagb-block-zmpuzrqm wp-block-uagb-image--layout-default wp-block-uagb-image--effect-static wp-block-uagb-image--align-left\"><figure class=\"wp-block-uagb-image__figure\"><img loading=\"lazy\" decoding=\"async\" srcset=\"https:\/\/www.nimsistemas.es\/wp-content\/uploads\/2025\/02\/data-recovery-hd2-1024x683.jpg ,https:\/\/www.nimsistemas.es\/wp-content\/uploads\/2025\/02\/data-recovery-hd2.jpg 780w, https:\/\/www.nimsistemas.es\/wp-content\/uploads\/2025\/02\/data-recovery-hd2.jpg 360w\" sizes=\"auto, (max-width: 480px) 150px\" src=\"https:\/\/www.nimsistemas.es\/wp-content\/uploads\/2025\/02\/data-recovery-hd2-1024x683.jpg\" alt=\"\" class=\"uag-image-714\" width=\"1200\" height=\"350\" title=\"data recovery hd2\" loading=\"lazy\" role=\"img\"\/><\/figure><\/div>\n\n\n\n<div class=\"wp-block-uagb-container uagb-block-vtbkwtik\">\n<div class=\"wp-block-uagb-info-box uagb-block-lglttrdj uagb-infobox__content-wrap  uagb-infobox-icon-above-title uagb-infobox-image-valign-top\"><div class=\"uagb-ifb-content\"><div class=\"uagb-ifb-title-wrap\"><h4 class=\"uagb-ifb-title\">Todo tipo de disco<\/h4><\/div><\/div><\/div>\n\n\n\n<div class=\"wp-block-uagb-info-box uagb-block-cd3ba8wo uagb-infobox__content-wrap  uagb-infobox-icon-above-title uagb-infobox-image-valign-top\"><div class=\"uagb-ifb-content\"><div class=\"uagb-ifb-title-wrap\"><h4 class=\"uagb-ifb-title\">cualquier sistema op.<\/h4><\/div><\/div><\/div>\n\n\n\n<div class=\"wp-block-uagb-info-box uagb-block-avubl1ui uagb-infobox__content-wrap  uagb-infobox-icon-above-title uagb-infobox-image-valign-top\"><div class=\"uagb-ifb-content\"><div class=\"uagb-ifb-title-wrap\"><h4 class=\"uagb-ifb-title\">Cualquier fallo<\/h4><\/div><\/div><\/div>\n\n\n\n<div class=\"wp-block-uagb-info-box uagb-block-wwtcsrfr uagb-infobox__content-wrap  uagb-infobox-icon-above-title uagb-infobox-image-valign-top\"><div class=\"uagb-ifb-content\"><div class=\"uagb-ifb-title-wrap\"><h4 class=\"uagb-ifb-title\">toda las marcas<\/h4><\/div><\/div><\/div>\n<\/div>\n<\/div><\/div>\n","protected":false},"excerpt":{"rendered":"","protected":false},"author":2,"featured_media":0,"parent":0,"menu_order":0,"comment_status":"closed","ping_status":"closed","template":"","meta":{"_uag_custom_page_level_css":"","footnotes":""},"class_list":["post-509","page","type-page","status-publish","hentry"],"uagb_featured_image_src":{"full":false,"thumbnail":false,"medium":false,"medium_large":false,"large":false,"1536x1536":false,"2048x2048":false},"uagb_author_info":{"display_name":"NIMSISTEMAS","author_link":"https:\/\/www.nimsistemas.es\/?author=2"},"uagb_comment_info":0,"uagb_excerpt":null,"_links":{"self":[{"href":"https:\/\/www.nimsistemas.es\/index.php?rest_route=\/wp\/v2\/pages\/509","targetHints":{"allow":["GET"]}}],"collection":[{"href":"https:\/\/www.nimsistemas.es\/index.php?rest_route=\/wp\/v2\/pages"}],"about":[{"href":"https:\/\/www.nimsistemas.es\/index.php?rest_route=\/wp\/v2\/types\/page"}],"author":[{"embeddable":true,"href":"https:\/\/www.nimsistemas.es\/index.php?rest_route=\/wp\/v2\/users\/2"}],"replies":[{"embeddable":true,"href":"https:\/\/www.nimsistemas.es\/index.php?rest_route=%2Fwp%2Fv2%2Fcomments&post=509"}],"version-history":[{"count":9,"href":"https:\/\/www.nimsistemas.es\/index.php?rest_route=\/wp\/v2\/pages\/509\/revisions"}],"predecessor-version":[{"id":720,"href":"https:\/\/www.nimsistemas.es\/index.php?rest_route=\/wp\/v2\/pages\/509\/revisions\/720"}],"wp:attachment":[{"href":"https:\/\/www.nimsistemas.es\/index.php?rest_route=%2Fwp%2Fv2%2Fmedia&parent=509"}],"curies":[{"name":"wp","href":"https:\/\/api.w.org\/{rel}","templated":true}]}}