{"id":190,"date":"2024-09-18T06:48:07","date_gmt":"2024-09-18T06:48:07","guid":{"rendered":"https:\/\/www.nimsistemas.es\/?page_id=190"},"modified":"2025-02-18T12:11:30","modified_gmt":"2025-02-18T12:11:30","slug":"mantenimiento-informatico","status":"publish","type":"page","link":"https:\/\/www.nimsistemas.es\/?page_id=190","title":{"rendered":"mantenimiento inform\u00e1tico"},"content":{"rendered":"\n<div class=\"wp-block-uagb-container uagb-block-fqvs0fqe default uagb-is-root-container\">\n<div class=\"wp-block-uagb-info-box uagb-block-1qqcbtgy uagb-infobox__content-wrap  uagb-infobox-icon-above-title uagb-infobox-image-valign-top\"><div class=\"uagb-ifb-content\"><div class=\"uagb-ifb-title-wrap\"><h2 class=\"uagb-ifb-title\">mantenimientos inform\u00e1ticos y soporte t\u00e9cnico <\/h2><\/div><\/div><\/div>\n\n\n\n<div class=\"wp-block-uagb-container uagb-block-23w74yh6\">\n<div class=\"wp-block-uagb-container uagb-block-08ty4rf8\">\n<div class=\"wp-block-uagb-info-box uagb-block-qzixvug9 uagb-infobox__content-wrap  uagb-infobox-icon-above-title uagb-infobox-image-valign-top\"><div class=\"uagb-ifb-content\"><div class=\"uagb-ifb-title-wrap\"><h3 class=\"uagb-ifb-title\">Asistencia t\u00e9cnica 24h<\/h3><\/div><p class=\"uagb-ifb-desc\">abordamos cu\u00e1lquier problema t\u00e9cnico en menos de 24h para que no pierda tiempo, actividad ni productividad debido a problemas inform\u00e1ticos<\/p><\/div><\/div>\n<\/div>\n\n\n\n<div class=\"wp-block-uagb-container uagb-block-nughba0m\">\n<div class=\"wp-block-uagb-info-box uagb-block-zgpnhsmw uagb-infobox__content-wrap  uagb-infobox-icon-above-title uagb-infobox-image-valign-top\"><div class=\"uagb-ifb-content\"><div class=\"uagb-ifb-title-wrap\"><h3 class=\"uagb-ifb-title\">Outsourcing IT <\/h3><\/div><p class=\"uagb-ifb-desc\">toda la gesti\u00f3n de la infraestructura tecnol\u00f3gica en manos de expertos, delegando las responsabilidades t\u00e9cnicas a nuestro equipo y adaptado a las necesidades de su empresa<\/p><\/div><\/div>\n<\/div>\n\n\n\n<div class=\"wp-block-uagb-container uagb-block-jg1ehdzb\">\n<div class=\"wp-block-uagb-info-box uagb-block-xskventj uagb-infobox__content-wrap  uagb-infobox-icon-above-title uagb-infobox-image-valign-top\"><div class=\"uagb-ifb-content\"><div class=\"uagb-ifb-title-wrap\"><h3 class=\"uagb-ifb-title\">Mantenimiento <\/h3><\/div><p class=\"uagb-ifb-desc\">Tanto cliente particular como empresa, disponemos de distintos tipos de mantenimiento ajustado a sus necesidades: Correctivos, preventivos, redes, backup , antivirus&#8230;<\/p><\/div><\/div>\n<\/div>\n<\/div>\n<\/div>\n\n\n\n<p><\/p>\n\n\n\n<div class=\"wp-block-uagb-container uagb-block-wrnqqgar default uagb-is-root-container\">\n<div class=\"wp-block-uagb-container uagb-block-oqac80ul\">\n<div class=\"wp-block-uagb-image alignleft uagb-block-eizx5uqo wp-block-uagb-image--layout-default wp-block-uagb-image--effect-static wp-block-uagb-image--align-left\"><figure class=\"wp-block-uagb-image__figure\"><img loading=\"lazy\" decoding=\"async\" srcset=\"https:\/\/www.nimsistemas.es\/wp-content\/uploads\/2024\/12\/dashboard2-1016x1024.jpg ,https:\/\/www.nimsistemas.es\/wp-content\/uploads\/2024\/12\/dashboard2.jpg 780w, https:\/\/www.nimsistemas.es\/wp-content\/uploads\/2024\/12\/dashboard2.jpg 360w\" sizes=\"auto, (max-width: 480px) 150px\" src=\"https:\/\/www.nimsistemas.es\/wp-content\/uploads\/2024\/12\/dashboard2-1016x1024.jpg\" alt=\"\" class=\"uag-image-375\" width=\"300\" height=\"360\" title=\"dashboard2\" loading=\"lazy\" role=\"img\"\/><\/figure><\/div>\n\n\n\n<div class=\"wp-block-uagb-image alignleft uagb-block-irudf7kf wp-block-uagb-image--layout-default wp-block-uagb-image--effect-static wp-block-uagb-image--align-left\"><figure class=\"wp-block-uagb-image__figure\"><img loading=\"lazy\" decoding=\"async\" srcset=\"https:\/\/www.nimsistemas.es\/wp-content\/uploads\/2024\/12\/Tipos-de-Mantenimiento-en-Informatica-cuales-son-1024x652.jpg ,https:\/\/www.nimsistemas.es\/wp-content\/uploads\/2024\/12\/Tipos-de-Mantenimiento-en-Informatica-cuales-son.jpg 780w, https:\/\/www.nimsistemas.es\/wp-content\/uploads\/2024\/12\/Tipos-de-Mantenimiento-en-Informatica-cuales-son.jpg 360w\" sizes=\"auto, (max-width: 480px) 150px\" src=\"https:\/\/www.nimsistemas.es\/wp-content\/uploads\/2024\/12\/Tipos-de-Mantenimiento-en-Informatica-cuales-son-1024x652.jpg\" alt=\"\" class=\"uag-image-289\" width=\"300\" height=\"360\" title=\"Tipos-de-Mantenimiento-en-Informatica-cuales-son\" loading=\"lazy\" role=\"img\"\/><\/figure><\/div>\n<\/div>\n\n\n\n<div class=\"wp-block-uagb-container uagb-block-5dqoladx\">\n<div class=\"wp-block-uagb-info-box uagb-block-khrjwx13 uagb-infobox__content-wrap  uagb-infobox-icon-above-title uagb-infobox-image-valign-top\"><div class=\"uagb-ifb-content\"><div class=\"uagb-ifb-title-wrap\"><p class=\"uagb-ifb-title-prefix\">MANTENIMIENTOS INFORM\u00c1TICOS<\/p><h3 class=\"uagb-ifb-title\">Soluciones para los nuevos desaf\u00edos <\/h3><\/div><p class=\"uagb-ifb-desc\">Ya sea su actividad, particular o empresa, disponemos distintos tipos de mantenimientos que se ajustan realmente a sus necesidades.<\/p><\/div><\/div>\n\n\n\n<div class=\"wp-block-uagb-icon-list uagb-block-uon1e3og\"><div class=\"uagb-icon-list__wrap\">\n<div class=\"wp-block-uagb-icon-list-child uagb-block-ukhy4huc\"><span class=\"uagb-icon-list__source-wrap\"><svg xmlns=\"https:\/\/www.w3.org\/2000\/svg\" viewBox=\"0 0 448 512\"><path d=\"M438.6 105.4C451.1 117.9 451.1 138.1 438.6 150.6L182.6 406.6C170.1 419.1 149.9 419.1 137.4 406.6L9.372 278.6C-3.124 266.1-3.124 245.9 9.372 233.4C21.87 220.9 42.13 220.9 54.63 233.4L159.1 338.7L393.4 105.4C405.9 92.88 426.1 92.88 438.6 105.4H438.6z\"><\/path><\/svg><\/span><span class=\"uagb-icon-list__label\">Mantenimiento de equipos , servidores y redes<\/span><\/div>\n\n\n\n<div class=\"wp-block-uagb-icon-list-child uagb-block-4vjp6nv8\"><span class=\"uagb-icon-list__source-wrap\"><svg xmlns=\"https:\/\/www.w3.org\/2000\/svg\" viewBox=\"0 0 448 512\"><path d=\"M438.6 105.4C451.1 117.9 451.1 138.1 438.6 150.6L182.6 406.6C170.1 419.1 149.9 419.1 137.4 406.6L9.372 278.6C-3.124 266.1-3.124 245.9 9.372 233.4C21.87 220.9 42.13 220.9 54.63 233.4L159.1 338.7L393.4 105.4C405.9 92.88 426.1 92.88 438.6 105.4H438.6z\"><\/path><\/svg><\/span><span class=\"uagb-icon-list__label\">Mantenimiento Web<\/span><\/div>\n\n\n\n<div class=\"wp-block-uagb-icon-list-child uagb-block-1lzkgqun\"><span class=\"uagb-icon-list__source-wrap\"><svg xmlns=\"https:\/\/www.w3.org\/2000\/svg\" viewBox=\"0 0 448 512\"><path d=\"M438.6 105.4C451.1 117.9 451.1 138.1 438.6 150.6L182.6 406.6C170.1 419.1 149.9 419.1 137.4 406.6L9.372 278.6C-3.124 266.1-3.124 245.9 9.372 233.4C21.87 220.9 42.13 220.9 54.63 233.4L159.1 338.7L393.4 105.4C405.9 92.88 426.1 92.88 438.6 105.4H438.6z\"><\/path><\/svg><\/span><span class=\"uagb-icon-list__label\">Mantenimientos preventivos y correctivos<\/span><\/div>\n\n\n\n<div class=\"wp-block-uagb-icon-list-child uagb-block-l6o1ns4r\"><span class=\"uagb-icon-list__source-wrap\"><svg xmlns=\"https:\/\/www.w3.org\/2000\/svg\" viewBox=\"0 0 448 512\"><path d=\"M438.6 105.4C451.1 117.9 451.1 138.1 438.6 150.6L182.6 406.6C170.1 419.1 149.9 419.1 137.4 406.6L9.372 278.6C-3.124 266.1-3.124 245.9 9.372 233.4C21.87 220.9 42.13 220.9 54.63 233.4L159.1 338.7L393.4 105.4C405.9 92.88 426.1 92.88 438.6 105.4H438.6z\"><\/path><\/svg><\/span><span class=\"uagb-icon-list__label\">Antivirus, Backups y planes de contingencia<\/span><\/div>\n\n\n\n<div class=\"wp-block-uagb-icon-list-child uagb-block-d8d16afb\"><span class=\"uagb-icon-list__source-wrap\"><svg xmlns=\"https:\/\/www.w3.org\/2000\/svg\" viewBox=\"0 0 448 512\"><path d=\"M438.6 105.4C451.1 117.9 451.1 138.1 438.6 150.6L182.6 406.6C170.1 419.1 149.9 419.1 137.4 406.6L9.372 278.6C-3.124 266.1-3.124 245.9 9.372 233.4C21.87 220.9 42.13 220.9 54.63 233.4L159.1 338.7L393.4 105.4C405.9 92.88 426.1 92.88 438.6 105.4H438.6z\"><\/path><\/svg><\/span><span class=\"uagb-icon-list__label\">Plataforma de monitorizaci\u00f3n de endpoint, servidores y redes<\/span><\/div>\n\n\n\n<div class=\"wp-block-uagb-icon-list-child uagb-block-977e58af\"><span class=\"uagb-icon-list__source-wrap\"><svg xmlns=\"https:\/\/www.w3.org\/2000\/svg\" viewBox=\"0 0 448 512\"><path d=\"M438.6 105.4C451.1 117.9 451.1 138.1 438.6 150.6L182.6 406.6C170.1 419.1 149.9 419.1 137.4 406.6L9.372 278.6C-3.124 266.1-3.124 245.9 9.372 233.4C21.87 220.9 42.13 220.9 54.63 233.4L159.1 338.7L393.4 105.4C405.9 92.88 426.1 92.88 438.6 105.4H438.6z\"><\/path><\/svg><\/span><span class=\"uagb-icon-list__label\">Operatividad total de los sistemas inform\u00e1ticos<\/span><\/div>\n<\/div><\/div>\n<\/div>\n<\/div>\n\n\n\n<p><\/p>\n\n\n\n<div class=\"wp-block-uagb-container uagb-block-in5ejusf alignfull uagb-is-root-container\"><div class=\"uagb-container-inner-blocks-wrap\">\n<div class=\"wp-block-uagb-info-box uagb-block-2e9eo2y0 uagb-infobox__content-wrap  uagb-infobox-icon-above-title uagb-infobox-image-valign-top\"><div class=\"uagb-ifb-content\"><div class=\"uagb-ifb-title-wrap\"><p class=\"uagb-ifb-title-prefix\">CARACTER\u00cdSTICAS PRINCIPALES<\/p><h2 class=\"uagb-ifb-title\">ventajas de los mantenimientos inform\u00e1ticos<\/h2><\/div><\/div><\/div>\n\n\n\n<div class=\"wp-block-uagb-container uagb-layout-grid uagb-block-b7lqfhz9\">\n<div class=\"wp-block-uagb-info-box uagb-block-6qp5xr7b uagb-infobox__content-wrap  uagb-infobox-icon-above-title uagb-infobox-image-valign-top\"><div class=\"uagb-ifb-content\"><div class=\"uagb-ifb-title-wrap\"><p class=\"uagb-ifb-title-prefix\">01<\/p><h3 class=\"uagb-ifb-title\">An\u00e1lisis tecnol\u00f3gico<\/h3><\/div><p class=\"uagb-ifb-desc\">Analizamos la situaci\u00f3n  para detectar necesidades o corregir y mejorar cualquier aspecto que afecte a su rendimiento<\/p><\/div><\/div>\n\n\n\n<div class=\"wp-block-uagb-info-box uagb-block-ju3oeshm uagb-infobox__content-wrap  uagb-infobox-icon-above-title uagb-infobox-image-valign-top\"><div class=\"uagb-ifb-content\"><div class=\"uagb-ifb-title-wrap\"><p class=\"uagb-ifb-title-prefix\">02<\/p><h3 class=\"uagb-ifb-title\">Monitorizaci\u00f3n<\/h3><\/div><p class=\"uagb-ifb-desc\">Con el uso de la plataforma de operaciones TI para detectar problemas y reducir el numero de incidencias en el futuro.<\/p><\/div><\/div>\n\n\n\n<div class=\"wp-block-uagb-info-box uagb-block-n5ryqwmp uagb-infobox__content-wrap  uagb-infobox-icon-above-title uagb-infobox-image-valign-top\"><div class=\"uagb-ifb-content\"><div class=\"uagb-ifb-title-wrap\"><p class=\"uagb-ifb-title-prefix\">03<\/p><h3 class=\"uagb-ifb-title\">Dise\u00f1o y soluci\u00f3n<\/h3><\/div><p class=\"uagb-ifb-desc\">Dise\u00f1amos la estrategia tecnol\u00f3gica de una forma flexible y escalable adaptada a su negocio.<\/p><\/div><\/div>\n\n\n\n<div class=\"wp-block-uagb-info-box uagb-block-abf1lhwy uagb-infobox__content-wrap  uagb-infobox-icon-above-title uagb-infobox-image-valign-top\"><div class=\"uagb-ifb-content\"><div class=\"uagb-ifb-title-wrap\"><p class=\"uagb-ifb-title-prefix\">04<\/p><h3 class=\"uagb-ifb-title\">Soporte T\u00e9cnico<\/h3><\/div><p class=\"uagb-ifb-desc\">Formado por profesionales certificados y experimentados para dar una respuesta r\u00e1pida, efectiva y eficaz.<\/p><\/div><\/div>\n\n\n\n<div class=\"wp-block-uagb-info-box uagb-block-ahxftg0i uagb-infobox__content-wrap  uagb-infobox-icon-above-title uagb-infobox-image-valign-top\"><div class=\"uagb-ifb-content\"><div class=\"uagb-ifb-title-wrap\"><p class=\"uagb-ifb-title-prefix\">05<\/p><h3 class=\"uagb-ifb-title\">Gesti\u00f3n y optimizaci\u00f3n<\/h3><\/div><p class=\"uagb-ifb-desc\">Para rentabilizar al m\u00e1ximo sus equipos a un coste m\u00ednimo de inversi\u00f3n mediante los distintos tipos de mantenimientos.<\/p><\/div><\/div>\n\n\n\n<div class=\"wp-block-uagb-info-box uagb-block-qkrjwceh uagb-infobox__content-wrap  uagb-infobox-icon-above-title uagb-infobox-image-valign-top\"><div class=\"uagb-ifb-content\"><div class=\"uagb-ifb-title-wrap\"><p class=\"uagb-ifb-title-prefix\">06<\/p><h3 class=\"uagb-ifb-title\">Formaci\u00f3n y Desarrollo<\/h3><\/div><p class=\"uagb-ifb-desc\">Dando una formaci\u00f3n adecuada para la continuidad y desarrollo de su proyecto de una manera aut\u00f3noma.<\/p><\/div><\/div>\n<\/div>\n<\/div><\/div>\n\n\n\n<p><\/p>\n\n\n\n<div class=\"wp-block-uagb-container uagb-block-vl2hsovt alignfull uagb-is-root-container\"><div class=\"uagb-container-inner-blocks-wrap\">\n<div class=\"wp-block-uagb-info-box uagb-block-omjaqi2r uagb-infobox__content-wrap  uagb-infobox-icon-above-title uagb-infobox-image-valign-top\"><div class=\"uagb-ifb-content\"><div class=\"uagb-ifb-title-wrap\"><h2 class=\"uagb-ifb-title\">Monitorizaci\u00f3n y gesti\u00f3n todo en uno<\/h2><\/div><p class=\"uagb-ifb-desc\">plataforma unificada de operaciones TI<\/p><\/div><\/div>\n\n\n\n<div class=\"wp-block-uagb-container uagb-block-rjeb41in\">\n<div class=\"wp-block-uagb-container uagb-block-hs9dgrdb\">\n<div class=\"wp-block-uagb-image aligncenter uagb-block-ag64wxia wp-block-uagb-image--layout-default wp-block-uagb-image--effect-static wp-block-uagb-image--align-center alignleft\"><figure class=\"wp-block-uagb-image__figure\"><img loading=\"lazy\" decoding=\"async\" srcset=\"https:\/\/www.nimsistemas.es\/wp-content\/uploads\/2025\/02\/nimsistemas-professional.jpg ,https:\/\/www.nimsistemas.es\/wp-content\/uploads\/2025\/02\/nimsistemas-professional.jpg 780w, https:\/\/www.nimsistemas.es\/wp-content\/uploads\/2025\/02\/nimsistemas-professional.jpg 360w\" sizes=\"auto, (max-width: 480px) 150px\" src=\"https:\/\/www.nimsistemas.es\/wp-content\/uploads\/2025\/02\/nimsistemas-professional.jpg\" alt=\"\" class=\"uag-image-557\" width=\"400\" height=\"400\" title=\"nimsistemas professional\" loading=\"lazy\" role=\"img\"\/><\/figure><\/div>\n\n\n\n<div class=\"wp-block-uagb-info-box uagb-block-3s1w6bbq uagb-infobox__content-wrap  uagb-infobox-icon-above-title uagb-infobox-image-valign-top\"><div class=\"uagb-ifb-content\"><div class=\"uagb-ifb-title-wrap\"><h3 class=\"uagb-ifb-title\">Profesional<\/h3><\/div><p class=\"uagb-ifb-desc\">Todas las herramientas de monitoreo y gesti\u00f3n integradas, as\u00ed c\u00f3mo un sistema de parches y actualizaciones<\/p><\/div><\/div>\n\n\n\n<div class=\"wp-block-uagb-buttons uagb-buttons__outer-wrap uagb-btn__default-btn uagb-btn-tablet__default-btn uagb-btn-mobile__default-btn uagb-block-h5mz6grb\"><div class=\"uagb-buttons__wrap uagb-buttons-layout-wrap \"><\/div><\/div>\n<\/div>\n\n\n\n<div class=\"wp-block-uagb-container uagb-block-j1s7l8g5\">\n<div class=\"wp-block-uagb-image aligncenter uagb-block-2h7g2tit wp-block-uagb-image--layout-default wp-block-uagb-image--effect-static wp-block-uagb-image--align-center alignleft\"><figure class=\"wp-block-uagb-image__figure\"><img loading=\"lazy\" decoding=\"async\" srcset=\"https:\/\/www.nimsistemas.es\/wp-content\/uploads\/2025\/02\/nimsistemas-ultimate.jpg ,https:\/\/www.nimsistemas.es\/wp-content\/uploads\/2025\/02\/nimsistemas-ultimate.jpg 780w, https:\/\/www.nimsistemas.es\/wp-content\/uploads\/2025\/02\/nimsistemas-ultimate.jpg 360w\" sizes=\"auto, (max-width: 480px) 150px\" src=\"https:\/\/www.nimsistemas.es\/wp-content\/uploads\/2025\/02\/nimsistemas-ultimate.jpg\" alt=\"\" class=\"uag-image-554\" width=\"400\" height=\"400\" title=\"nimsistemas ultimate\" loading=\"lazy\" role=\"img\"\/><\/figure><\/div>\n\n\n\n<div class=\"wp-block-uagb-info-box uagb-block-lctziirr uagb-infobox__content-wrap  uagb-infobox-icon-above-title uagb-infobox-image-valign-top\"><div class=\"uagb-ifb-content\"><div class=\"uagb-ifb-title-wrap\"><h3 class=\"uagb-ifb-title\">Ultimate<\/h3><\/div><p class=\"uagb-ifb-desc\">Todo en la misma plataforma, monitorizaci\u00f3n, gesti\u00f3n, parches, actualizaciones, backup y seguridad de endpoints y servidores<\/p><\/div><\/div>\n<\/div>\n<\/div>\n<\/div><\/div>\n\n\n\n<p><\/p>\n","protected":false},"excerpt":{"rendered":"","protected":false},"author":2,"featured_media":0,"parent":0,"menu_order":0,"comment_status":"closed","ping_status":"closed","template":"","meta":{"_uag_custom_page_level_css":"","footnotes":""},"class_list":["post-190","page","type-page","status-publish","hentry"],"uagb_featured_image_src":{"full":false,"thumbnail":false,"medium":false,"medium_large":false,"large":false,"1536x1536":false,"2048x2048":false},"uagb_author_info":{"display_name":"NIMSISTEMAS","author_link":"https:\/\/www.nimsistemas.es\/?author=2"},"uagb_comment_info":0,"uagb_excerpt":null,"_links":{"self":[{"href":"https:\/\/www.nimsistemas.es\/index.php?rest_route=\/wp\/v2\/pages\/190","targetHints":{"allow":["GET"]}}],"collection":[{"href":"https:\/\/www.nimsistemas.es\/index.php?rest_route=\/wp\/v2\/pages"}],"about":[{"href":"https:\/\/www.nimsistemas.es\/index.php?rest_route=\/wp\/v2\/types\/page"}],"author":[{"embeddable":true,"href":"https:\/\/www.nimsistemas.es\/index.php?rest_route=\/wp\/v2\/users\/2"}],"replies":[{"embeddable":true,"href":"https:\/\/www.nimsistemas.es\/index.php?rest_route=%2Fwp%2Fv2%2Fcomments&post=190"}],"version-history":[{"count":11,"href":"https:\/\/www.nimsistemas.es\/index.php?rest_route=\/wp\/v2\/pages\/190\/revisions"}],"predecessor-version":[{"id":891,"href":"https:\/\/www.nimsistemas.es\/index.php?rest_route=\/wp\/v2\/pages\/190\/revisions\/891"}],"wp:attachment":[{"href":"https:\/\/www.nimsistemas.es\/index.php?rest_route=%2Fwp%2Fv2%2Fmedia&parent=190"}],"curies":[{"name":"wp","href":"https:\/\/api.w.org\/{rel}","templated":true}]}}